{"id":128,"date":"2023-02-09T20:15:28","date_gmt":"2023-02-09T20:15:28","guid":{"rendered":"https:\/\/irdmexico.com\/?page_id=128"},"modified":"2023-02-09T20:15:43","modified_gmt":"2023-02-09T20:15:43","slug":"curso-ird-295-tecnicas-de-balanceo-uso-y-manejo","status":"publish","type":"page","link":"https:\/\/irdmexico.com\/index.php\/curso-ird-295-tecnicas-de-balanceo-uso-y-manejo\/","title":{"rendered":"CURSO IRD 295- T\u00c9CNICAS DE BALANCEO, USO Y MANEJO"},"content":{"rendered":"<p><strong>PRIMER D\u00cdA <\/strong><\/p>\n<ul>\n<li><strong>1.- INTRODUCCION AL BALANCEO DIN\u00c1MICO<\/strong><\/li>\n<li><\/li>\n<li><strong>2.- PRINCIPIOS B\u00c1SICOS DEL DESBALANCE<\/strong><\/li>\n<li><strong>\u00a0<\/strong><\/li>\n<li><strong>SEGUNDO D\u00cdA<\/strong><\/li>\n<li><strong>\u00a0<\/strong><\/li>\n<li><strong>4.- INTRODUCCION AL BALANCEO UTILIZANDO EL INSTRUMENTO ASOCIADO IRD 295<\/strong><\/li>\n<li><strong>Pr\u00e1cticas de balanceo din\u00e1mico utilizando el instrumento IRD 295 en un plano, dos planos y multi-plano.<\/strong><\/li>\n<\/ul>\n<p>&nbsp;<\/p>\n<p><img loading=\"lazy\" decoding=\"async\" class=\"alignnone size-medium wp-image-119\" src=\"https:\/\/irdmexico.com\/wp-content\/uploads\/2023\/02\/15-300x300.png\" alt=\"\" width=\"300\" height=\"300\" srcset=\"https:\/\/irdmexico.com\/wp-content\/uploads\/2023\/02\/15-300x300.png 300w, https:\/\/irdmexico.com\/wp-content\/uploads\/2023\/02\/15-1024x1024.png 1024w, https:\/\/irdmexico.com\/wp-content\/uploads\/2023\/02\/15-150x150.png 150w, https:\/\/irdmexico.com\/wp-content\/uploads\/2023\/02\/15-768x768.png 768w, https:\/\/irdmexico.com\/wp-content\/uploads\/2023\/02\/15-12x12.png 12w, https:\/\/irdmexico.com\/wp-content\/uploads\/2023\/02\/15-100x100.png 100w, https:\/\/irdmexico.com\/wp-content\/uploads\/2023\/02\/15.png 1080w\" sizes=\"auto, (max-width: 300px) 100vw, 300px\" \/><\/p>\n<ul>\n<li><\/li>\n<li><strong>CONDICIONES DE PAGO: 50% con su pedido en firme y el 50% restante un d\u00eda antes del t\u00e9rmino del curso.<\/strong><\/li>\n<li><strong>\u00a0\u00a0\u00a0\u00a0\u00a0\u00a0\u00a0\u00a0\u00a0\u00a0\u00a0 \u00a0\u00a0\u00a0\u00a0\u00a0\u00a0\u00a0\u00a0\u00a0\u00a0\u00a0\u00a0\u00a0\u00a0\u00a0\u00a0\u00a0\u00a0\u00a0\u00a0\u00a0\u00a0\u00a0\u00a0\u00a0\u00a0\u00a0\u00a0\u00a0\u00a0\u00a0\u00a0\u00a0\u00a0<\/strong><\/li>\n<li><strong>DURACION DEL CURSO: 3 d\u00edas.<\/strong><\/li>\n<li><\/li>\n<li><strong>HORARIO DEL CURSO: 09:00 a 16:00 Hrs. (a reserva de adaptarlo al horario m\u00e1s conveniente para el usuario)<\/strong><\/li>\n<li><\/li>\n<li><strong>FECHA DE IMPARTICION DEL CURSO: \u00a0A precisar de com\u00fan acuerdo.<\/strong><\/li>\n<li><\/li>\n<li><strong>NUMERO DE PARTICIPANTES: 5 (cinco) personas m\u00e1ximo.<\/strong><\/li>\n<li><\/li>\n<li><strong>MATERIAL DIDACTICO: Un manual del curso a cada asistente.<\/strong><\/li>\n<li><\/li>\n<li><strong>RECONOCIMIENTO: Diploma de certificaci\u00f3n expedido por la empresa representante de IRD BALANCING.<\/strong><\/li>\n<li><\/li>\n<li><strong>VIGENCIA DE PRECIOS: 20 d\u00edas.<\/strong><\/li>\n<li><\/li>\n<li><strong>LUGAR DEL EVENTO: Instalaciones del usuario.<\/strong><\/li>\n<\/ul>\n<p>&nbsp;<\/p>\n","protected":false},"excerpt":{"rendered":"<p>PRIMER D\u00cdA 1.- INTRODUCCION AL BALANCEO DIN\u00c1MICO 2.- PRINCIPIOS B\u00c1SICOS DEL DESBALANCE \u00a0 SEGUNDO D\u00cdA \u00a0 4.- INTRODUCCION AL BALANCEO UTILIZANDO EL INSTRUMENTO ASOCIADO IRD 295 Pr\u00e1cticas de balanceo din\u00e1mico utilizando el instrumento IRD 295 en un plano, dos planos y multi-plano. &nbsp; CONDICIONES DE PAGO: 50% con su pedido en firme y el 50% &hellip; <\/p>\n<p class=\"link-more\"><a href=\"https:\/\/irdmexico.com\/index.php\/curso-ird-295-tecnicas-de-balanceo-uso-y-manejo\/\" class=\"more-link\">Continuar leyendo<span class=\"screen-reader-text\"> \u00abCURSO IRD 295- T\u00c9CNICAS DE BALANCEO, USO Y MANEJO\u00bb<\/span><\/a><\/p>\n","protected":false},"author":1,"featured_media":24,"parent":0,"menu_order":0,"comment_status":"closed","ping_status":"closed","template":"","meta":{"footnotes":""},"class_list":["post-128","page","type-page","status-publish","has-post-thumbnail","hentry"],"yoast_head":"<!-- This site is optimized with the Yoast SEO plugin v27.5 - https:\/\/yoast.com\/product\/yoast-seo-wordpress\/ -->\n<title>CURSO IRD 295- T\u00c9CNICAS DE BALANCEO, USO Y MANEJO - IRD M\u00c9XICO<\/title>\n<meta name=\"robots\" content=\"index, follow, max-snippet:-1, max-image-preview:large, max-video-preview:-1\" \/>\n<link rel=\"canonical\" href=\"https:\/\/irdmexico.com\/index.php\/curso-ird-295-tecnicas-de-balanceo-uso-y-manejo\/\" \/>\n<meta property=\"og:locale\" content=\"es_ES\" \/>\n<meta property=\"og:type\" content=\"article\" \/>\n<meta property=\"og:title\" content=\"CURSO IRD 295- T\u00c9CNICAS DE BALANCEO, USO Y MANEJO - IRD M\u00c9XICO\" \/>\n<meta property=\"og:description\" content=\"PRIMER D\u00cdA 1.- INTRODUCCION AL BALANCEO DIN\u00c1MICO 2.- PRINCIPIOS B\u00c1SICOS DEL DESBALANCE \u00a0 SEGUNDO D\u00cdA \u00a0 4.- INTRODUCCION AL BALANCEO UTILIZANDO EL INSTRUMENTO ASOCIADO IRD 295 Pr\u00e1cticas de balanceo din\u00e1mico utilizando el instrumento IRD 295 en un plano, dos planos y multi-plano. &nbsp; CONDICIONES DE PAGO: 50% con su pedido en firme y el 50% &hellip; Continuar leyendo &quot;CURSO IRD 295- T\u00c9CNICAS DE BALANCEO, USO Y MANEJO&quot;\" \/>\n<meta property=\"og:url\" content=\"https:\/\/irdmexico.com\/index.php\/curso-ird-295-tecnicas-de-balanceo-uso-y-manejo\/\" \/>\n<meta property=\"og:site_name\" content=\"IRD M\u00c9XICO\" \/>\n<meta property=\"article:modified_time\" content=\"2023-02-09T20:15:43+00:00\" \/>\n<meta property=\"og:image\" content=\"https:\/\/irdmexico.com\/wp-content\/uploads\/2023\/01\/banner-1557882_1280.jpg\" \/>\n\t<meta property=\"og:image:width\" content=\"1280\" \/>\n\t<meta property=\"og:image:height\" content=\"402\" \/>\n\t<meta property=\"og:image:type\" content=\"image\/jpeg\" \/>\n<meta name=\"twitter:card\" content=\"summary_large_image\" \/>\n<meta name=\"twitter:label1\" content=\"Tiempo de lectura\" \/>\n\t<meta name=\"twitter:data1\" content=\"1 minuto\" \/>\n<script type=\"application\/ld+json\" class=\"yoast-schema-graph\">{\"@context\":\"https:\\\/\\\/schema.org\",\"@graph\":[{\"@type\":\"WebPage\",\"@id\":\"https:\\\/\\\/irdmexico.com\\\/index.php\\\/curso-ird-295-tecnicas-de-balanceo-uso-y-manejo\\\/\",\"url\":\"https:\\\/\\\/irdmexico.com\\\/index.php\\\/curso-ird-295-tecnicas-de-balanceo-uso-y-manejo\\\/\",\"name\":\"CURSO IRD 295- T\u00c9CNICAS DE BALANCEO, USO Y MANEJO - IRD M\u00c9XICO\",\"isPartOf\":{\"@id\":\"https:\\\/\\\/irdmexico.com\\\/#website\"},\"primaryImageOfPage\":{\"@id\":\"https:\\\/\\\/irdmexico.com\\\/index.php\\\/curso-ird-295-tecnicas-de-balanceo-uso-y-manejo\\\/#primaryimage\"},\"image\":{\"@id\":\"https:\\\/\\\/irdmexico.com\\\/index.php\\\/curso-ird-295-tecnicas-de-balanceo-uso-y-manejo\\\/#primaryimage\"},\"thumbnailUrl\":\"https:\\\/\\\/irdmexico.com\\\/wp-content\\\/uploads\\\/2023\\\/01\\\/banner-1557882_1280.jpg\",\"datePublished\":\"2023-02-09T20:15:28+00:00\",\"dateModified\":\"2023-02-09T20:15:43+00:00\",\"breadcrumb\":{\"@id\":\"https:\\\/\\\/irdmexico.com\\\/index.php\\\/curso-ird-295-tecnicas-de-balanceo-uso-y-manejo\\\/#breadcrumb\"},\"inLanguage\":\"es\",\"potentialAction\":[{\"@type\":\"ReadAction\",\"target\":[\"https:\\\/\\\/irdmexico.com\\\/index.php\\\/curso-ird-295-tecnicas-de-balanceo-uso-y-manejo\\\/\"]}]},{\"@type\":\"ImageObject\",\"inLanguage\":\"es\",\"@id\":\"https:\\\/\\\/irdmexico.com\\\/index.php\\\/curso-ird-295-tecnicas-de-balanceo-uso-y-manejo\\\/#primaryimage\",\"url\":\"https:\\\/\\\/irdmexico.com\\\/wp-content\\\/uploads\\\/2023\\\/01\\\/banner-1557882_1280.jpg\",\"contentUrl\":\"https:\\\/\\\/irdmexico.com\\\/wp-content\\\/uploads\\\/2023\\\/01\\\/banner-1557882_1280.jpg\",\"width\":1280,\"height\":402},{\"@type\":\"BreadcrumbList\",\"@id\":\"https:\\\/\\\/irdmexico.com\\\/index.php\\\/curso-ird-295-tecnicas-de-balanceo-uso-y-manejo\\\/#breadcrumb\",\"itemListElement\":[{\"@type\":\"ListItem\",\"position\":1,\"name\":\"Portada\",\"item\":\"https:\\\/\\\/irdmexico.com\\\/\"},{\"@type\":\"ListItem\",\"position\":2,\"name\":\"CURSO IRD 295- T\u00c9CNICAS DE BALANCEO, USO Y MANEJO\"}]},{\"@type\":\"WebSite\",\"@id\":\"https:\\\/\\\/irdmexico.com\\\/#website\",\"url\":\"https:\\\/\\\/irdmexico.com\\\/\",\"name\":\"IRD M\u00c9XICO\",\"description\":\"Venta\\\/renta de maquinaria y refacciones din\u00e1micas\",\"potentialAction\":[{\"@type\":\"SearchAction\",\"target\":{\"@type\":\"EntryPoint\",\"urlTemplate\":\"https:\\\/\\\/irdmexico.com\\\/?s={search_term_string}\"},\"query-input\":{\"@type\":\"PropertyValueSpecification\",\"valueRequired\":true,\"valueName\":\"search_term_string\"}}],\"inLanguage\":\"es\"}]}<\/script>\n<!-- \/ Yoast SEO plugin. -->","yoast_head_json":{"title":"CURSO IRD 295- T\u00c9CNICAS DE BALANCEO, USO Y MANEJO - IRD M\u00c9XICO","robots":{"index":"index","follow":"follow","max-snippet":"max-snippet:-1","max-image-preview":"max-image-preview:large","max-video-preview":"max-video-preview:-1"},"canonical":"https:\/\/irdmexico.com\/index.php\/curso-ird-295-tecnicas-de-balanceo-uso-y-manejo\/","og_locale":"es_ES","og_type":"article","og_title":"CURSO IRD 295- T\u00c9CNICAS DE BALANCEO, USO Y MANEJO - IRD M\u00c9XICO","og_description":"PRIMER D\u00cdA 1.- INTRODUCCION AL BALANCEO DIN\u00c1MICO 2.- PRINCIPIOS B\u00c1SICOS DEL DESBALANCE \u00a0 SEGUNDO D\u00cdA \u00a0 4.- INTRODUCCION AL BALANCEO UTILIZANDO EL INSTRUMENTO ASOCIADO IRD 295 Pr\u00e1cticas de balanceo din\u00e1mico utilizando el instrumento IRD 295 en un plano, dos planos y multi-plano. &nbsp; CONDICIONES DE PAGO: 50% con su pedido en firme y el 50% &hellip; Continuar leyendo \"CURSO IRD 295- T\u00c9CNICAS DE BALANCEO, USO Y MANEJO\"","og_url":"https:\/\/irdmexico.com\/index.php\/curso-ird-295-tecnicas-de-balanceo-uso-y-manejo\/","og_site_name":"IRD M\u00c9XICO","article_modified_time":"2023-02-09T20:15:43+00:00","og_image":[{"width":1280,"height":402,"url":"https:\/\/irdmexico.com\/wp-content\/uploads\/2023\/01\/banner-1557882_1280.jpg","type":"image\/jpeg"}],"twitter_card":"summary_large_image","twitter_misc":{"Tiempo de lectura":"1 minuto"},"schema":{"@context":"https:\/\/schema.org","@graph":[{"@type":"WebPage","@id":"https:\/\/irdmexico.com\/index.php\/curso-ird-295-tecnicas-de-balanceo-uso-y-manejo\/","url":"https:\/\/irdmexico.com\/index.php\/curso-ird-295-tecnicas-de-balanceo-uso-y-manejo\/","name":"CURSO IRD 295- T\u00c9CNICAS DE BALANCEO, USO Y MANEJO - IRD M\u00c9XICO","isPartOf":{"@id":"https:\/\/irdmexico.com\/#website"},"primaryImageOfPage":{"@id":"https:\/\/irdmexico.com\/index.php\/curso-ird-295-tecnicas-de-balanceo-uso-y-manejo\/#primaryimage"},"image":{"@id":"https:\/\/irdmexico.com\/index.php\/curso-ird-295-tecnicas-de-balanceo-uso-y-manejo\/#primaryimage"},"thumbnailUrl":"https:\/\/irdmexico.com\/wp-content\/uploads\/2023\/01\/banner-1557882_1280.jpg","datePublished":"2023-02-09T20:15:28+00:00","dateModified":"2023-02-09T20:15:43+00:00","breadcrumb":{"@id":"https:\/\/irdmexico.com\/index.php\/curso-ird-295-tecnicas-de-balanceo-uso-y-manejo\/#breadcrumb"},"inLanguage":"es","potentialAction":[{"@type":"ReadAction","target":["https:\/\/irdmexico.com\/index.php\/curso-ird-295-tecnicas-de-balanceo-uso-y-manejo\/"]}]},{"@type":"ImageObject","inLanguage":"es","@id":"https:\/\/irdmexico.com\/index.php\/curso-ird-295-tecnicas-de-balanceo-uso-y-manejo\/#primaryimage","url":"https:\/\/irdmexico.com\/wp-content\/uploads\/2023\/01\/banner-1557882_1280.jpg","contentUrl":"https:\/\/irdmexico.com\/wp-content\/uploads\/2023\/01\/banner-1557882_1280.jpg","width":1280,"height":402},{"@type":"BreadcrumbList","@id":"https:\/\/irdmexico.com\/index.php\/curso-ird-295-tecnicas-de-balanceo-uso-y-manejo\/#breadcrumb","itemListElement":[{"@type":"ListItem","position":1,"name":"Portada","item":"https:\/\/irdmexico.com\/"},{"@type":"ListItem","position":2,"name":"CURSO IRD 295- T\u00c9CNICAS DE BALANCEO, USO Y MANEJO"}]},{"@type":"WebSite","@id":"https:\/\/irdmexico.com\/#website","url":"https:\/\/irdmexico.com\/","name":"IRD M\u00c9XICO","description":"Venta\/renta de maquinaria y refacciones din\u00e1micas","potentialAction":[{"@type":"SearchAction","target":{"@type":"EntryPoint","urlTemplate":"https:\/\/irdmexico.com\/?s={search_term_string}"},"query-input":{"@type":"PropertyValueSpecification","valueRequired":true,"valueName":"search_term_string"}}],"inLanguage":"es"}]}},"_links":{"self":[{"href":"https:\/\/irdmexico.com\/index.php\/wp-json\/wp\/v2\/pages\/128","targetHints":{"allow":["GET"]}}],"collection":[{"href":"https:\/\/irdmexico.com\/index.php\/wp-json\/wp\/v2\/pages"}],"about":[{"href":"https:\/\/irdmexico.com\/index.php\/wp-json\/wp\/v2\/types\/page"}],"author":[{"embeddable":true,"href":"https:\/\/irdmexico.com\/index.php\/wp-json\/wp\/v2\/users\/1"}],"replies":[{"embeddable":true,"href":"https:\/\/irdmexico.com\/index.php\/wp-json\/wp\/v2\/comments?post=128"}],"version-history":[{"count":1,"href":"https:\/\/irdmexico.com\/index.php\/wp-json\/wp\/v2\/pages\/128\/revisions"}],"predecessor-version":[{"id":129,"href":"https:\/\/irdmexico.com\/index.php\/wp-json\/wp\/v2\/pages\/128\/revisions\/129"}],"wp:featuredmedia":[{"embeddable":true,"href":"https:\/\/irdmexico.com\/index.php\/wp-json\/wp\/v2\/media\/24"}],"wp:attachment":[{"href":"https:\/\/irdmexico.com\/index.php\/wp-json\/wp\/v2\/media?parent=128"}],"curies":[{"name":"wp","href":"https:\/\/api.w.org\/{rel}","templated":true}]}}